divided by 5399?
176
Calculate the remainder when 160199 is divided by 53384.
47
Calculate the remainder when 17803 is divided by 84.
79
Calculate the remainder when 1535303 is divided by 71.
70
Calculate the remainder when 249903 is divided by 755.
753
What is the remainder when 10625 is divided by 117?
95
What is the remainder when 2094 is divided by 26?
14
What is the remainder when 242666 is divided by 58?
52
What is the remainder when 9412 is divided by 3122?
46
What is the remainder when 143356 is divided by 305?
6
Calculate the remainder when 9193 is divided by 55.
8
What is the remainder when 1154 is divided by 120?
74
What is the remainder when 18945 is divided by 9471?
3
What is the remainder when 17081 is divided by 335?
331
Calculate the remainder when 175176 is divided by 25025.
1
What is the remainder when 10313 is divided by 605?
28
What is the remainder when 19406 is divided by 2850?
2306
What is the remainder when 1236 is divided by 114?
96
What is the remainder when 6891 is divided by 2292?
15
What is the remainder when 87554 is divided by 106?
104
What is the remainder when 353941 is divided by 31?
14
What is the remainder when 99439 is divided by 3682?
25
What is the remainder when 11075 is divided by 1106?
15
What is the remainder when 74337 is divided by 180?
177
What is the remainder when 3513 is divided by 251?
250
What is the remainder when 3946 is divided by 496?
474
Calculate the remainder when 51015 is divided by 16991.
42
Calculate the remainder when 7121 is divided by 91.
23
Calculate the remainder when 2458 is divided by 238.
78
Calculate the remainder when 54236 is divided by 8.
4
What is the remainder when 507550 is divided by 408?
406
What is the remainder when 401229 is divided by 133739?
12
Calculate the remainder when 12031 is divided by 46.
25
Calculate the remainder when 24863 is divided by 10.
3
What is the remainder when 1165 is divided by 37?
18
What is the remainder when 15848 is divided by 140?
28
What is the remainder when 1218 is divided by 1138?
80
What is the remainder when 136606 is divided by 1570?
16
What is the remainder when 3059 is divided by 602?
49
What is the remainder when 6504 is divided by 5?
4
Calculate the remainder when 364922 is divided by 39.
38
What is the remainder when 43578 is divided by 32?
26
What is the remainder when 1538 is divided by 384?
2
Calculate the remainder when 13076 is divided by 29.
26
Calculate the remainder when 451834 is divided by 451820.
14
Calculate the remainder when 159045 is divided by 3976.
5
Calculate the remainder when 4467 is divided by 1489.
0
What is the remainder when 10313 is divided by 22?
17
What is the remainder when 135244 is divided by 19320?
4
Calculate the remainder when 31496 is divided by 10497.
5
Calculate the remainder when 15124 is divided by 24.
4
What is the remainder when 44260 is divided by 6319?
27
Calculate the remainder when 23336 is divided by 278.
262
What is the remainder when 2250 is divided by 1043?
164
Calculate the remainder when 252 is divided by 233.
19
Calculate the remainder when 2488 is divided by 529.
372
What is the remainder when 167464 is divided by 24?
16
Calculate the remainder when 3919 is divided by 251.
154
What is the remainder when 42142 is divided by 24?
22
Calculate the remainder when 2138 is divided by 344.
74
Calculate the remainder when 35528 is divided by 868.
808
What is the remainder when 46253 is divided by 476?
81
What is the remainder when 765079 is divided by 27?
7
What is the remainder when 7062 is divided by 124?
118
What is the remainder when 4172181 is divided by 72?
69
What is the remainder when 176329 is divided by 304?
9
What is the remainder when 431563 is divided by 830?
793
Calculate the remainder when 31552 is divided by 471.
466
What is the remainder when 49909 is divided by 2935?
14
What is the remainder when 6601 is divided by 3287?
27
What is the remainder when 528 is divided by 65?
8
What is the remainder when 379925 is divided by 84?
77
Calculate the remainder when 236958 is divided by 1669.
1629
Calculate the remainder when 2942004 is divided by 359.
358
What is the remainder when 10557 is divided by 3476?
129
Calculate the remainder when 75464 is divided by 148.
132
What is the remainder when 159732 is divided by 69?
66
What is the remainder when 1321 is divided by 218?
13
Calculate the remainder when 96340 is divided by 13.
10
What is the remainder when 61916 is divided by 12380?
16
What is the remainder when 4059 is divided by 1328?
75
What is the remainder when 24523 is divided by 1751?
9
What is the remainder when 104350 is divided by 201?
31
Calculate the remainder when 1223 is divided by 228.
83
What is the remainder when 12595 is divided by 2516?
15
Calculate the remainder when 4140 is divided by 372.
48
Calculate the remainder when 15029 is divided by 87.
65
Calculate the remainder when 51382 is divided by 367.
2
What is the remainder when 4744 is divided by 529?
512
Calculate the remainder when 161699 is divided by 53899.
2
Calculate the remainder when 112035 is divided by 22399.
40
What is the remainder when 118020 is divided by 23?
7
Calculate the remainder when 2180 is divided by 678.
146
Calculate the remainder when 19942 is divided by 294.
244
Calculate the remainder when 53632 is divided by 140.
12
What is the remainder when 86773 is divided by 1578?
1561
Calculate the remainder when 3571 is divided by 83.
2
Calculate the remainder when 2281 is divided by 757.
10
What is the remainder when 5853 is divided by 101?
96
Calculate the remainder when 15752 is divided by 78.
74
Calculate the remainder when 157570 is divided by 98.
84
What is the remainder when 87756 is divided by 6749?
19
Calculate the remainder when 479 is divided by 94.
9
Calculate the remainder when 231552 is divided by 603.
0
What is the remainder when 64666 is divided by 16164?
10
Calculate the remainder when 986324 is divided by 11.
9
What is the remainder when 54111 is divided by 10?
1
Calculate the remainder when 148682 is divided by 158.
4
Calculate the remainder when 455121 is divided by 46.
43
Calculate the remainder when 5113 is divided by 55.
53
What is the remainder when 552387 is divided by 161?
157
Calculate the remainder when 10677 is divided by 446.
419
What is the remainder when 634743 is divided by 762?
759
What is the remainder when 460815 is divided by 41?
16
What is the remainder when 1278973 is divided by 512?
509
Calculate the remainder when 42335 is divided by 17.
5
Calculate the remainder when 315803 is divided by 48.
11
Calculate the remainder when 30082 is divided by 10020.
22
Calculate the remainder when 4602 is divided by 65.
52
What is the remainder when 457163 is divided by 228570?
23
Calculate the remainder when 3425 is divided by 1490.
445
What is the remainder when 2018 is divided by 428?
306
Calculate the remainder when 26492 is divided by 178.
148
What is the remainder when 566567 is divided by 122?
121
What is the remainder when 7704 is divided by 522?
396
What is the remainder when 57012 is divided by 1164?
1140
What is the remainder when 26642 is divided by 6645?
62
Calculate the remainder when 622853 is divided by 215.
213
What is the remainder when 14916 is divided by 3729?
0
What is the remainder when 24455 is divided by 5?
0
Calculate the remainder when 9113 is divided by 9058.
55
Calculate the remainder when 31759 is divided by 23.
19
What is the remainder when 8147 is divided by 209?
205
Calculate the remainder when 5375 is divided by 5357.
18
What is the remainder when 140351 is divided by 29?
20
Calculate the remainder when 257690 is divided by 411.
404
Calculate the remainder when 9220 is divided by 405.
310
What is the remainder when 970668 is divided by 206?
202
What is the remainder when 13176 is divided by 128?
120
Calculate the remainder when 94812 is divided by 9.
6
Calculate the remainder when 19435 is divided by 19422.
13
What is the remainder when 249581 is divided by 21?
17
Calculate the remainder when 14063 is divided by 14051.
12
Calculate the remainder when 13252 is divided by 161.
50
What is the remainder when 70578 is divided by 4705?
3
What is the remainder when 12689 is divided by 12683?
6
Calculate the remainder when 1143467 